{"id":3392,"date":"2017-07-04T09:31:09","date_gmt":"2017-07-04T07:31:09","guid":{"rendered":"http:\/\/iff.la-webdesign.de\/?page_id=3392"},"modified":"2018-09-04T11:07:57","modified_gmt":"2018-09-04T09:07:57","slug":"ausbildungsseminar-kleben","status":"publish","type":"page","link":"http:\/\/iff.la-webdesign.de\/de\/klebtechnik\/schulungen\/ausbildungsseminar-kleben\/","title":{"rendered":"Ausbildungsseminar Kleben"},"content":{"rendered":"<\/div><\/div><\/div><!-- close content main div --><\/div><\/div><div id='intro-top' class='avia-section main_color avia-section-default avia-no-border-styling avia-bg-style-scroll   av-minimum-height av-minimum-height-custom container_wrap sidebar_right' style = 'background-repeat: no-repeat; background-image: url(http:\/\/iff.la-webdesign.de\/wp-content\/uploads\/2017\/07\/header-seminar-1.jpg); background-attachment: scroll; background-position: center center; ' data-section-bg-repeat='no-repeat' ><div class='container' style='height:400px'><div class='template-page content  av-content-small alpha units'><div class='post-entry post-entry-type-page post-entry-3392'><div class='entry-content-wrapper clearfix'>\n<div class=\"flex_column av_one_half  flex_column_div first  \" style='margin-top:6%; margin-bottom:2%; background-image:url(http:\/\/iff.la-webdesign.de\/wp-content\/uploads\/2017\/07\/bg-weiss-300x300.png); background-position:top left; background-repeat:repeat; padding:40px; border-radius:0px; '><p><div style='padding-bottom:10px;' class='av-special-heading av-special-heading-h1  blockquote modern-quote   '><h1 class='av-special-heading-tag '  itemprop=\"headline\"  >Ausbildungsseminar Kleben<\/h1><div class='special-heading-border'><div class='special-heading-inner-border' ><\/div><\/div><\/div><br \/>\n<section class=\"av_textblock_section \"  itemscope=\"itemscope\" itemtype=\"https:\/\/schema.org\/CreativeWork\" ><div class='avia_textblock  '   itemprop=\"text\" ><p>M\u00fcnchener Ausbildungsseminar KLEBEN<br \/>\n8. bis 10. Oktober 2018<\/p>\n<\/div><\/section><br \/>\n<div class='avia-button-wrap avia-button-left '><a href='\/wp-content\/uploads\/2018\/07\/Seminarprogramm-2018.pdf' class='avia-button   avia-icon_select-no avia-color-theme-color-highlight avia-size-medium avia-position-left '  target=\"_blank\"   ><span class='avia_iconbox_title' >Seminarprogramm 2018 (PDF)<\/span><\/a><\/div><\/p><\/div>\n<\/div><\/div><\/div><!-- close content main div --><\/div><\/div><div id='after_section_1' class='main_color av_default_container_wrap container_wrap sidebar_right'   ><div class='container' ><div class='template-page content  av-content-small alpha units'><div class='post-entry post-entry-type-page post-entry-3392'><div class='entry-content-wrapper clearfix'>\n<div class=\"flex_column av_one_full  flex_column_div av-zero-column-padding first  \" style='border-radius:0px; '><p><div style='padding-bottom:15px;' class='av-special-heading av-special-heading-h2  blockquote modern-quote modern-centered   '><h2 class='av-special-heading-tag '  itemprop=\"headline\"  >M\u00fcnchener Ausbildungsseminar KLEBEN<\/h2><div class ='av-subheading av-subheading_below  ' style='font-size:16px;'><p>8. bis 10. Oktober 2018<\/p>\n<\/div><div class='special-heading-border'><div class='special-heading-inner-border' ><\/div><\/div><\/div><br \/>\n<section class=\"av_textblock_section \"  itemscope=\"itemscope\" itemtype=\"https:\/\/schema.org\/CreativeWork\" ><div class='avia_textblock  '   itemprop=\"text\" ><p>Seit inzwischen 30 Jahren veranstaltet die IFF GmbH das <strong>M\u00dcNCHENER AUSBILDUNGSSEMINAR KLEBEN<\/strong>. Das Seminar ist gleicherma\u00dfen f\u00fcr Klebanf\u00e4nger und Klebfortgeschrittene geeignet. Die Neueinsteiger erhalten einen guten \u00dcberblick \u00fcber diese komplexe Materie ohne den n\u00f6tigen Praxisbezug zu vernachl\u00e4ssigen und f\u00fcr die Kleberfahrenen bietet das Seminar die Gelegenheit, das bereits vorhandene Wissen aufzufrischen und die Gr\u00fcnde f\u00fcr die eigenen positiven oder negativen Erfahrungen mit der Klebtechnik im industriellen Einsatz zu erfragen und mit den Fachleuten zu diskutieren.<\/p>\n<p>Neben dem Seminargr\u00fcnder, Herrn Professor Gerd Habenicht, fungiert beim Ausbildungsseminar auch <strong>Klebfachingenieur Julian Band<\/strong> vom TC Kleben in \u00dcbach-Palenberg (<a href=\"http:\/\/www.tc-kleben.de\">www.tc-kleben.de<\/a>) als Referent. Zudem bereichert <strong>Professor Christian Lammel<\/strong> vom IFF in Ismaning die Tagung durch einen Vortrag zu aktuellen Themen und Fragestellungen aus der Klebtechnik.<\/p>\n<p>Die Expertenvortr\u00e4ge werden erg\u00e4nzt durch Diskussionsrunden, an denen die Vortragenden f\u00fcr klebtechnische Fragen der Teilnehmer zur Verf\u00fcgung stehen. Um Ihnen das Vergessen des Erlernten zu erschweren, werden Ihnen Tagungsunterlagen in Form eines umfangreichen Handbuchs ausgeh\u00e4ndigt.<\/p>\n<\/div><\/section><\/p><\/div><div style='padding-bottom:10px;' class='av-special-heading av-special-heading-h3     '><h3 class='av-special-heading-tag '  itemprop=\"headline\"  >Ausbildungsseminar Einblicke<\/h3><div class='special-heading-border'><div class='special-heading-inner-border' ><\/div><\/div><\/div><\/p>\n<div class='avia-image-container  av-styling-no-styling    avia-align-left '  itemscope=\"itemscope\" itemtype=\"https:\/\/schema.org\/ImageObject\"  ><div class='avia-image-container-inner'><img class='avia_image ' src='http:\/\/iff.la-webdesign.de\/wp-content\/uploads\/2018\/07\/Klebtechnische-Ausbildung.jpg' alt='' title='Klebtechnische Ausbildung'   itemprop=\"thumbnailUrl\"  \/><\/div><\/div>\n","protected":false},"excerpt":{"rendered":"","protected":false},"author":1,"featured_media":0,"parent":3271,"menu_order":0,"comment_status":"closed","ping_status":"closed","template":"","meta":[],"_links":{"self":[{"href":"http:\/\/iff.la-webdesign.de\/de\/wp-json\/wp\/v2\/pages\/3392\/"}],"collection":[{"href":"http:\/\/iff.la-webdesign.de\/de\/wp-json\/wp\/v2\/pages\/"}],"about":[{"href":"http:\/\/iff.la-webdesign.de\/de\/wp-json\/wp\/v2\/types\/page\/"}],"author":[{"embeddable":true,"href":"http:\/\/iff.la-webdesign.de\/de\/wp-json\/wp\/v2\/users\/1\/"}],"replies":[{"embeddable":true,"href":"http:\/\/iff.la-webdesign.de\/de\/wp-json\/wp\/v2\/comments\/?post=3392"}],"version-history":[{"count":10,"href":"http:\/\/iff.la-webdesign.de\/de\/wp-json\/wp\/v2\/pages\/3392\/revisions\/"}],"predecessor-version":[{"id":4974,"href":"http:\/\/iff.la-webdesign.de\/de\/wp-json\/wp\/v2\/pages\/3392\/revisions\/4974\/"}],"up":[{"embeddable":true,"href":"http:\/\/iff.la-webdesign.de\/de\/wp-json\/wp\/v2\/pages\/3271\/"}],"wp:attachment":[{"href":"http:\/\/iff.la-webdesign.de\/de\/wp-json\/wp\/v2\/media\/?parent=3392"}],"curies":[{"name":"wp","href":"https:\/\/api.w.org\/{rel}","templated":true}]}}

</div></div></div><!-- close content main div --></div></div><div id='intro-top' class='avia-section main_color avia-section-default avia-no-border-styling avia-bg-style-scroll   av-minimum-height av-minimum-height-custom container_wrap sidebar_right' style = 'background-repeat: no-repeat; background-image: url(http://iff.la-webdesign.de/wp-content/uploads/2017/07/header-seminar-1.jpg); background-attachment: scroll; background-position: center center; ' data-section-bg-repeat='no-repeat' ><div class='container' style='height:400px'><div class='template-page content  av-content-small alpha units'><div class='post-entry post-entry-type-page post-entry-3392'><div class='entry-content-wrapper clearfix'>
<div class="flex_column av_one_half  flex_column_div first  " style='margin-top:6%; margin-bottom:2%; background-image:url(http://iff.la-webdesign.de/wp-content/uploads/2017/07/bg-weiss-300x300.png); background-position:top left; background-repeat:repeat; padding:40px; border-radius:0px; '><p><div style='padding-bottom:10px;' class='av-special-heading av-special-heading-h1  blockquote modern-quote   '><h1 class='av-special-heading-tag '  itemprop="headline"  >Ausbildungsseminar Kleben</h1><div class='special-heading-border'><div class='special-heading-inner-border' ></div></div></div><br />
<section class="av_textblock_section "  itemscope="itemscope" itemtype="https://schema.org/CreativeWork" ><div class='avia_textblock  '   itemprop="text" ><p>Münchener Ausbildungsseminar KLEBEN<br />
8. bis 10. Oktober 2018</p>
</div></section><br />
<div class='avia-button-wrap avia-button-left '><a href='/wp-content/uploads/2018/07/Seminarprogramm-2018.pdf' class='avia-button   avia-icon_select-no avia-color-theme-color-highlight avia-size-medium avia-position-left '  target="_blank"   ><span class='avia_iconbox_title' >Seminarprogramm 2018 (PDF)</span></a></div></p></div>
</div></div></div><!-- close content main div --></div></div><div id='after_section_1' class='main_color av_default_container_wrap container_wrap sidebar_right'   ><div class='container' ><div class='template-page content  av-content-small alpha units'><div class='post-entry post-entry-type-page post-entry-3392'><div class='entry-content-wrapper clearfix'>
<div class="flex_column av_one_full  flex_column_div av-zero-column-padding first  " style='border-radius:0px; '><p><div style='padding-bottom:15px;' class='av-special-heading av-special-heading-h2  blockquote modern-quote modern-centered   '><h2 class='av-special-heading-tag '  itemprop="headline"  >Münchener Ausbildungsseminar KLEBEN</h2><div class ='av-subheading av-subheading_below  ' style='font-size:16px;'><p>8. bis 10. Oktober 2018</p>
</div><div class='special-heading-border'><div class='special-heading-inner-border' ></div></div></div><br />
<section class="av_textblock_section "  itemscope="itemscope" itemtype="https://schema.org/CreativeWork" ><div class='avia_textblock  '   itemprop="text" ><p>Seit inzwischen 30 Jahren veranstaltet die IFF GmbH das <strong>MÜNCHENER AUSBILDUNGSSEMINAR KLEBEN</strong>. Das Seminar ist gleichermaßen für Klebanfänger und Klebfortgeschrittene geeignet. Die Neueinsteiger erhalten einen guten Überblick über diese komplexe Materie ohne den nötigen Praxisbezug zu vernachlässigen und für die Kleberfahrenen bietet das Seminar die Gelegenheit, das bereits vorhandene Wissen aufzufrischen und die Gründe für die eigenen positiven oder negativen Erfahrungen mit der Klebtechnik im industriellen Einsatz zu erfragen und mit den Fachleuten zu diskutieren.</p>
<p>Neben dem Seminargründer, Herrn Professor Gerd Habenicht, fungiert beim Ausbildungsseminar auch <strong>Klebfachingenieur Julian Band</strong> vom TC Kleben in Übach-Palenberg (<a href="http://www.tc-kleben.de">www.tc-kleben.de</a>) als Referent. Zudem bereichert <strong>Professor Christian Lammel</strong> vom IFF in Ismaning die Tagung durch einen Vortrag zu aktuellen Themen und Fragestellungen aus der Klebtechnik.</p>
<p>Die Expertenvorträge werden ergänzt durch Diskussionsrunden, an denen die Vortragenden für klebtechnische Fragen der Teilnehmer zur Verfügung stehen. Um Ihnen das Vergessen des Erlernten zu erschweren, werden Ihnen Tagungsunterlagen in Form eines umfangreichen Handbuchs ausgehändigt.</p>
</div></section></p></div><div style='padding-bottom:10px;' class='av-special-heading av-special-heading-h3     '><h3 class='av-special-heading-tag '  itemprop="headline"  >Ausbildungsseminar Einblicke</h3><div class='special-heading-border'><div class='special-heading-inner-border' ></div></div></div></p>
<div class='avia-image-container  av-styling-no-styling    avia-align-left '  itemscope="itemscope" itemtype="https://schema.org/ImageObject"  ><div class='avia-image-container-inner'><img class='avia_image ' src='http://iff.la-webdesign.de/wp-content/uploads/2018/07/Klebtechnische-Ausbildung.jpg' alt='' title='Klebtechnische Ausbildung'   itemprop="thumbnailUrl"  /></div></div>
