{"id":3394,"date":"2017-07-04T09:31:27","date_gmt":"2017-07-04T07:31:27","guid":{"rendered":"http:\/\/iff.la-webdesign.de\/?page_id=3394"},"modified":"2018-09-04T11:25:38","modified_gmt":"2018-09-04T09:25:38","slug":"klebpraktiker","status":"publish","type":"page","link":"http:\/\/iff.la-webdesign.de\/de\/klebtechnik\/schulungen\/klebpraktiker\/","title":{"rendered":"Klebpraktiker"},"content":{"rendered":"<\/div><\/div><\/div><!-- close content main div --><\/div><\/div><div id='intro-top' class='avia-section main_color avia-section-default avia-no-border-styling avia-full-stretch avia-bg-style-scroll   av-minimum-height av-minimum-height-custom container_wrap sidebar_right' style = 'background-repeat: no-repeat; background-image: url(http:\/\/iff.la-webdesign.de\/wp-content\/uploads\/2017\/07\/header-klebepraktiker.jpg); background-attachment: scroll; background-position: center center; ' data-section-bg-repeat='stretch' ><div class='container' style='height:400px'><div class='template-page content  av-content-small alpha units'><div class='post-entry post-entry-type-page post-entry-3394'><div class='entry-content-wrapper clearfix'>\n<div class=\"flex_column av_one_half  flex_column_div first  \" style='margin-top:6%; margin-bottom:2%; background-image:url(http:\/\/iff.la-webdesign.de\/wp-content\/uploads\/2017\/07\/bg-weiss-300x300.png); background-position:top left; background-repeat:repeat; padding:40px; border-radius:0px; '><p><div style='padding-bottom:10px;' class='av-special-heading av-special-heading-h1  blockquote modern-quote  '><h1 class='av-special-heading-tag '  itemprop=\"headline\"  >Ausbildung Klebpraktiker<\/h1><div class='special-heading-border'><div class='special-heading-inner-border' ><\/div><\/div><\/div><br \/>\n<section class=\"av_textblock_section \"  itemscope=\"itemscope\" itemtype=\"https:\/\/schema.org\/CreativeWork\" ><div class='avia_textblock  '   itemprop=\"text\" ><p>DVS\u00ae &#8211; Ausbildung Klebpraktiker 5 Tage Vollzeit.<\/p>\n<\/div><\/section><\/p><\/div>\n<\/div><\/div><\/div><!-- close content main div --><\/div><\/div><div id='after_section_1' class='main_color av_default_container_wrap container_wrap sidebar_right'   ><div class='container' ><div class='template-page content  av-content-small alpha units'><div class='post-entry post-entry-type-page post-entry-3394'><div class='entry-content-wrapper clearfix'>\n<div class=\"flex_column av_one_full  flex_column_div av-zero-column-padding first  \" style='border-radius:0px; '><section class=\"av_textblock_section \"  itemscope=\"itemscope\" itemtype=\"https:\/\/schema.org\/CreativeWork\" ><div class='avia_textblock  '   itemprop=\"text\" ><h3>Ausbildung und Pr\u00fcfung\u00a0 zum Klebpraktiker (EAB) gem. DVS\/EWF 3305<br \/>\nin Kooperation mit der Firma TC Kleben.<\/h3>\n<p><strong>Ausbildungsziel:<\/strong><\/p>\n<p>In der betrieblichen Praxis ergeben sich vielfach Probleme bei der Fertigung geklebter Verbindungen. Randbedingungen, die bei konventionellen F\u00fcgeverfahren vernachl\u00e4ssigbar sind, erhalten eine erhebliche Bedeutung. Die Nichtbeachtung f\u00fchrt beim Kleben zu schlechten Verbindungen mit den Folgen von Reklamationen, Nacharbeit oder erh\u00f6htem Ausschuss. Die Teilnehmer werden in die Lage versetzt, Klebaufgaben nach Vorgabe fachgerecht auszuf\u00fchren. Das im theoretischen Unterricht Erlernte wird in den praktischen \u00dcbungen umgesetzt und erlebt. Die <strong>intensive Verzahnung von Theorie und Praxis<\/strong> f\u00fchrt zu einem Verst\u00e4ndnis der gegen\u00fcber herk\u00f6mmlichen Verbindungstechniken andersartigen Zusammenh\u00e4nge der Klebtechnik und hilft somit, Fehler in der Produktion zu vermeiden. Die Ausbildung schlie\u00dft mit einer praktischen und theoretischen Pr\u00fcfung vor einer unabh\u00e4ngigen Pr\u00fcfungskommission des DVS (Deutscher Verband f\u00fcr Schwei\u00dfen und verwandte Verfahren) ab. Nach bestandener Pr\u00fcfung erhalten die Teilnehmer ein europaweit g\u00fcltiges Zeugnis, anerkannt durch den EWF (European Federation for Welding, Joining and Cutting).<\/p>\n<p><strong>Ausbildungsinhalt:<\/strong><\/p>\n<ul>\n<li>Einf\u00fchrung in das Kleben<\/li>\n<li>Bindungskr\u00e4fte in Klebungen<\/li>\n<li>Klebstoffarten<\/li>\n<li>Methoden der Klebfl\u00e4chenbehandlung<\/li>\n<li>Gesundheits-, Arbeits-, Umweltschutz<\/li>\n<li>Klebstoffverarbeitung<\/li>\n<li>Pr\u00fcfung von Klebungen<\/li>\n<li>Praktische \u00dcbungen im Labor<\/li>\n<\/ul>\n<\/div><\/section><\/div>\n<div class=\"flex_column av_three_fourth  flex_column_div av-zero-column-padding first  \" style='border-radius:0px; '><p><div style='padding-bottom:10px;' class='av-special-heading av-special-heading-h3    '><h3 class='av-special-heading-tag '  itemprop=\"headline\"  >Angehende Klebpraktiker bei der Arbeit<\/h3><div class='special-heading-border'><div class='special-heading-inner-border' ><\/div><\/div><\/div><br \/>\n<div class='avia-image-container avia_animated_image avia_animate_when_almost_visible fade-in av-styling-no-styling    avia-align-left '  itemscope=\"itemscope\" itemtype=\"https:\/\/schema.org\/ImageObject\"  ><div class='avia-image-container-inner'><img class='avia_image ' src='http:\/\/iff.la-webdesign.de\/wp-content\/uploads\/2018\/07\/Ausbildung-zum-Klebpraktiker.jpg' alt='' title='Ausbildung-zum-Klebpraktiker'   itemprop=\"thumbnailUrl\"  \/><\/div><\/div><\/p><\/div>\n","protected":false},"excerpt":{"rendered":"","protected":false},"author":1,"featured_media":0,"parent":3271,"menu_order":0,"comment_status":"closed","ping_status":"closed","template":"","meta":[],"_links":{"self":[{"href":"http:\/\/iff.la-webdesign.de\/de\/wp-json\/wp\/v2\/pages\/3394\/"}],"collection":[{"href":"http:\/\/iff.la-webdesign.de\/de\/wp-json\/wp\/v2\/pages\/"}],"about":[{"href":"http:\/\/iff.la-webdesign.de\/de\/wp-json\/wp\/v2\/types\/page\/"}],"author":[{"embeddable":true,"href":"http:\/\/iff.la-webdesign.de\/de\/wp-json\/wp\/v2\/users\/1\/"}],"replies":[{"embeddable":true,"href":"http:\/\/iff.la-webdesign.de\/de\/wp-json\/wp\/v2\/comments\/?post=3394"}],"version-history":[{"count":10,"href":"http:\/\/iff.la-webdesign.de\/de\/wp-json\/wp\/v2\/pages\/3394\/revisions\/"}],"predecessor-version":[{"id":4995,"href":"http:\/\/iff.la-webdesign.de\/de\/wp-json\/wp\/v2\/pages\/3394\/revisions\/4995\/"}],"up":[{"embeddable":true,"href":"http:\/\/iff.la-webdesign.de\/de\/wp-json\/wp\/v2\/pages\/3271\/"}],"wp:attachment":[{"href":"http:\/\/iff.la-webdesign.de\/de\/wp-json\/wp\/v2\/media\/?parent=3394"}],"curies":[{"name":"wp","href":"https:\/\/api.w.org\/{rel}","templated":true}]}}

</div></div></div><!-- close content main div --></div></div><div id='intro-top' class='avia-section main_color avia-section-default avia-no-border-styling avia-full-stretch avia-bg-style-scroll   av-minimum-height av-minimum-height-custom container_wrap sidebar_right' style = 'background-repeat: no-repeat; background-image: url(http://iff.la-webdesign.de/wp-content/uploads/2017/07/header-klebepraktiker.jpg); background-attachment: scroll; background-position: center center; ' data-section-bg-repeat='stretch' ><div class='container' style='height:400px'><div class='template-page content  av-content-small alpha units'><div class='post-entry post-entry-type-page post-entry-3394'><div class='entry-content-wrapper clearfix'>
<div class="flex_column av_one_half  flex_column_div first  " style='margin-top:6%; margin-bottom:2%; background-image:url(http://iff.la-webdesign.de/wp-content/uploads/2017/07/bg-weiss-300x300.png); background-position:top left; background-repeat:repeat; padding:40px; border-radius:0px; '><p><div style='padding-bottom:10px;' class='av-special-heading av-special-heading-h1  blockquote modern-quote  '><h1 class='av-special-heading-tag '  itemprop="headline"  >Ausbildung Klebpraktiker</h1><div class='special-heading-border'><div class='special-heading-inner-border' ></div></div></div><br />
<section class="av_textblock_section "  itemscope="itemscope" itemtype="https://schema.org/CreativeWork" ><div class='avia_textblock  '   itemprop="text" ><p>DVS® &#8211; Ausbildung Klebpraktiker 5 Tage Vollzeit.</p>
</div></section></p></div>
</div></div></div><!-- close content main div --></div></div><div id='after_section_1' class='main_color av_default_container_wrap container_wrap sidebar_right'   ><div class='container' ><div class='template-page content  av-content-small alpha units'><div class='post-entry post-entry-type-page post-entry-3394'><div class='entry-content-wrapper clearfix'>
<div class="flex_column av_one_full  flex_column_div av-zero-column-padding first  " style='border-radius:0px; '><section class="av_textblock_section "  itemscope="itemscope" itemtype="https://schema.org/CreativeWork" ><div class='avia_textblock  '   itemprop="text" ><h3>Ausbildung und Prüfung  zum Klebpraktiker (EAB) gem. DVS/EWF 3305<br />
in Kooperation mit der Firma TC Kleben.</h3>
<p><strong>Ausbildungsziel:</strong></p>
<p>In der betrieblichen Praxis ergeben sich vielfach Probleme bei der Fertigung geklebter Verbindungen. Randbedingungen, die bei konventionellen Fügeverfahren vernachlässigbar sind, erhalten eine erhebliche Bedeutung. Die Nichtbeachtung führt beim Kleben zu schlechten Verbindungen mit den Folgen von Reklamationen, Nacharbeit oder erhöhtem Ausschuss. Die Teilnehmer werden in die Lage versetzt, Klebaufgaben nach Vorgabe fachgerecht auszuführen. Das im theoretischen Unterricht Erlernte wird in den praktischen Übungen umgesetzt und erlebt. Die <strong>intensive Verzahnung von Theorie und Praxis</strong> führt zu einem Verständnis der gegenüber herkömmlichen Verbindungstechniken andersartigen Zusammenhänge der Klebtechnik und hilft somit, Fehler in der Produktion zu vermeiden. Die Ausbildung schließt mit einer praktischen und theoretischen Prüfung vor einer unabhängigen Prüfungskommission des DVS (Deutscher Verband für Schweißen und verwandte Verfahren) ab. Nach bestandener Prüfung erhalten die Teilnehmer ein europaweit gültiges Zeugnis, anerkannt durch den EWF (European Federation for Welding, Joining and Cutting).</p>
<p><strong>Ausbildungsinhalt:</strong></p>
<ul>
<li>Einführung in das Kleben</li>
<li>Bindungskräfte in Klebungen</li>
<li>Klebstoffarten</li>
<li>Methoden der Klebflächenbehandlung</li>
<li>Gesundheits-, Arbeits-, Umweltschutz</li>
<li>Klebstoffverarbeitung</li>
<li>Prüfung von Klebungen</li>
<li>Praktische Übungen im Labor</li>
</ul>
</div></section></div>
<div class="flex_column av_three_fourth  flex_column_div av-zero-column-padding first  " style='border-radius:0px; '><p><div style='padding-bottom:10px;' class='av-special-heading av-special-heading-h3    '><h3 class='av-special-heading-tag '  itemprop="headline"  >Angehende Klebpraktiker bei der Arbeit</h3><div class='special-heading-border'><div class='special-heading-inner-border' ></div></div></div><br />
<div class='avia-image-container avia_animated_image avia_animate_when_almost_visible fade-in av-styling-no-styling    avia-align-left '  itemscope="itemscope" itemtype="https://schema.org/ImageObject"  ><div class='avia-image-container-inner'><img class='avia_image ' src='http://iff.la-webdesign.de/wp-content/uploads/2018/07/Ausbildung-zum-Klebpraktiker.jpg' alt='' title='Ausbildung-zum-Klebpraktiker'   itemprop="thumbnailUrl"  /></div></div></p></div>
